{"id":4150,"date":"2019-02-26T12:10:11","date_gmt":"2019-02-26T11:10:11","guid":{"rendered":"http:\/\/spbielsk.pl\/?page_id=4150"},"modified":"2024-12-17T11:09:12","modified_gmt":"2024-12-17T10:09:12","slug":"e-gazetki","status":"publish","type":"page","link":"https:\/\/spbielsk.pl\/?page_id=4150","title":{"rendered":"Zawody \/ E-gazetki"},"content":{"rendered":"<p style=\"text-align: center;\"><a href=\"https:\/\/mapakarier.org\/blog\/138\/czy-warto-zostac-rzemieslnikiem\/\"><strong>Czy warto zosta\u0107 rzemie\u015blnikiem?<\/strong><\/a><\/p>\n<p style=\"text-align: center;\"><a href=\"https:\/\/mapakarier.org\/blog\/45\/praca-w-organizacji-pozarzadowej-najczestsze-pytania-i-odpowiedzi\/\"><strong>Praca w organizacji pozarz\u0105dowej. Najcz\u0119stsze pytania i odpowiedzi<\/strong><\/a><\/p>\n<p style=\"text-align: center;\"><strong><a href=\"https:\/\/drive.google.com\/file\/d\/1qKpdnOCR6gnCltpxHW2qB0AmhO46WWgd\/view?usp=sharing\">Zawody obszaru medyczno &#8211; spo\u0142ecznego.<\/a><\/strong><\/p>\n<p style=\"text-align: center;\"><strong><a href=\"https:\/\/drive.google.com\/file\/d\/1L7Aglyv9lNCbfY01hEAmMaTmg4qgSMP_\/view?usp=sharing\">Zawody rolniczo &#8211; le\u015bne z ochrona \u015brodowiska.<\/a><\/strong><\/p>\n<p style=\"text-align: center;\"><strong><a href=\"https:\/\/drive.google.com\/file\/d\/13_DZXZLsmXIpDHpzh7hTIWZOxbOpewvW\/view?usp=sharing\">Jak wydoby\u0107 talent i uruchomi\u0107 karier\u0119 cze\u015b\u0107 1.<\/a><\/strong><\/p>\n<p style=\"text-align: center;\"><strong><a href=\"https:\/\/drive.google.com\/file\/d\/1fg2xLQYPIBCdavFuDw_Hng40QsWdu_GM\/view?usp=sharing\">Zawody administracyjne i us\u0142ugowe cze\u015b\u0107 1.<\/a><\/strong><\/p>\n<p style=\"text-align: center;\"><strong><a href=\"https:\/\/drive.google.com\/file\/d\/1afVBiwsruOh_t1nyLtOB48esJppcTAsq\/view?usp=sharing\">Zawody elektryczno &#8211; elektroniczne.<\/a><\/strong><\/p>\n<p style=\"text-align: center;\"><strong><a href=\"https:\/\/drive.google.com\/file\/d\/1QT1eAjNpghfTacJ1uXDBMPi-qORaCyjT\/view?usp=sharing\">Zawody z obszaru turystyczno-gastronomicznego.<\/a><\/strong><\/p>\n<p style=\"text-align: center;\"><strong><a href=\"https:\/\/drive.google.com\/file\/d\/14n5YCUCYYtL8VYDqzKHVHVe8wcPpqhSW\/view?usp=sharing\">Zawody artystyczne.<\/a><\/strong><\/p>\n<p style=\"text-align: center;\"><strong><a href=\"https:\/\/drive.google.com\/file\/d\/18LkFWCUccAa679217Hwes3BlKVuX_t4g\/view?usp=sharing\">Kariera znaczy droga.<\/a><\/strong><\/p>\n<p style=\"text-align: center;\"><strong><a href=\"https:\/\/drive.google.com\/file\/d\/1aUCN736HAHX2nNYMFneMjRaK5sQmeMvT\/view?usp=sharing\">Jak wydoby\u0107 talent i uruchomi\u0107 karier\u0119 cze\u015b\u0107 2.<\/a><\/strong><\/p>\n<p style=\"text-align: center;\"><strong><a href=\"https:\/\/drive.google.com\/file\/d\/13nzrrTk8GPmNvxdPCezRTeIHCTeotWje\/view?usp=sharing\">Zawody administracyjne i us\u0142ugowe cze\u015b\u0107 2.<\/a><\/strong><\/p>\n","protected":false},"excerpt":{"rendered":"<p>Czy warto zosta\u0107 rzemie\u015blnikiem? Praca w organizacji pozarz\u0105dowej. Najcz\u0119stsze pytania i odpowiedzi Zawody obszaru medyczno &#8211; spo\u0142ecznego. Zawody rolniczo &#8211; le\u015bne z ochrona \u015brodowiska. Jak wydoby\u0107 talent i uruchomi\u0107 karier\u0119 cze\u015b\u0107 1. Zawody administracyjne i us\u0142ugowe cze\u015b\u0107 1. Zawody elektryczno &#8211; elektroniczne. Zawody z obszaru turystyczno-gastronomicznego. Zawody artystyczne. Kariera znaczy droga. Jak wydoby\u0107 talent i [&hellip;]<\/p>\n","protected":false},"author":1,"featured_media":0,"parent":0,"menu_order":0,"comment_status":"closed","ping_status":"closed","template":"","meta":{"footnotes":""},"class_list":["post-4150","page","type-page","status-publish","hentry"],"_links":{"self":[{"href":"https:\/\/spbielsk.pl\/index.php?rest_route=\/wp\/v2\/pages\/4150","targetHints":{"allow":["GET"]}}],"collection":[{"href":"https:\/\/spbielsk.pl\/index.php?rest_route=\/wp\/v2\/pages"}],"about":[{"href":"https:\/\/spbielsk.pl\/index.php?rest_route=\/wp\/v2\/types\/page"}],"author":[{"embeddable":true,"href":"https:\/\/spbielsk.pl\/index.php?rest_route=\/wp\/v2\/users\/1"}],"replies":[{"embeddable":true,"href":"https:\/\/spbielsk.pl\/index.php?rest_route=%2Fwp%2Fv2%2Fcomments&post=4150"}],"version-history":[{"count":8,"href":"https:\/\/spbielsk.pl\/index.php?rest_route=\/wp\/v2\/pages\/4150\/revisions"}],"predecessor-version":[{"id":9527,"href":"https:\/\/spbielsk.pl\/index.php?rest_route=\/wp\/v2\/pages\/4150\/revisions\/9527"}],"wp:attachment":[{"href":"https:\/\/spbielsk.pl\/index.php?rest_route=%2Fwp%2Fv2%2Fmedia&parent=4150"}],"curies":[{"name":"wp","href":"https:\/\/api.w.org\/{rel}","templated":true}]}}